{"id":683,"date":"2023-08-10T12:40:29","date_gmt":"2023-08-10T12:40:29","guid":{"rendered":"https:\/\/ponystar.pl\/?page_id=683"},"modified":"2024-04-26T13:52:11","modified_gmt":"2024-04-26T13:52:11","slug":"onas","status":"publish","type":"page","link":"https:\/\/ponystar.pl\/index.php\/onas\/","title":{"rendered":"O Nas"},"content":{"rendered":"\t\t<div data-elementor-type=\"wp-page\" data-elementor-id=\"683\" class=\"elementor elementor-683\">\n\t\t\t\t\t\t\t\t\t<section class=\"elementor-section elementor-top-section elementor-element elementor-element-78fcc1e7 elementor-section-full_width elementor-section-height-default elementor-section-height-default\" data-id=\"78fcc1e7\" data-element_type=\"section\">\n\t\t\t\t\t\t<div class=\"elementor-container elementor-column-gap-default\">\n\t\t\t\t\t<div class=\"elementor-column elementor-col-50 elementor-top-column elementor-element elementor-element-2f1addc\" data-id=\"2f1addc\" data-element_type=\"column\">\n\t\t\t<div class=\"elementor-widget-wrap elementor-element-populated\">\n\t\t\t\t\t\t\t\t<div class=\"elementor-element elementor-element-7097d5b elementor-widget elementor-widget-image\" data-id=\"7097d5b\" data-element_type=\"widget\" data-widget_type=\"image.default\">\n\t\t\t\t<div class=\"elementor-widget-container\">\n\t\t\t<style>\/*! elementor - v3.13.2 - 11-05-2023 *\/\n.elementor-widget-image{text-align:center}.elementor-widget-image a{display:inline-block}.elementor-widget-image a img[src$=\".svg\"]{width:48px}.elementor-widget-image img{vertical-align:middle;display:inline-block}<\/style>\t\t\t\t\t\t\t\t\t\t\t\t<img loading=\"lazy\" decoding=\"async\" width=\"800\" height=\"721\" src=\"https:\/\/ponystar.pl\/wp-content\/uploads\/2024\/04\/ThePonyStar17-1024x923.jpg\" class=\"attachment-large size-large wp-image-1543\" alt=\"\" srcset=\"https:\/\/ponystar.pl\/wp-content\/uploads\/2024\/04\/ThePonyStar17-1024x923.jpg 1024w, https:\/\/ponystar.pl\/wp-content\/uploads\/2024\/04\/ThePonyStar17-300x271.jpg 300w, https:\/\/ponystar.pl\/wp-content\/uploads\/2024\/04\/ThePonyStar17-768x693.jpg 768w, https:\/\/ponystar.pl\/wp-content\/uploads\/2024\/04\/ThePonyStar17-1536x1385.jpg 1536w, https:\/\/ponystar.pl\/wp-content\/uploads\/2024\/04\/ThePonyStar17-2048x1847.jpg 2048w, https:\/\/ponystar.pl\/wp-content\/uploads\/2024\/04\/ThePonyStar17-600x541.jpg 600w\" sizes=\"auto, (max-width: 800px) 100vw, 800px\" \/>\t\t\t\t\t\t\t\t\t\t\t\t\t\t\t<\/div>\n\t\t\t\t<\/div>\n\t\t\t\t\t<\/div>\n\t\t<\/div>\n\t\t\t\t<div class=\"elementor-column elementor-col-50 elementor-top-column elementor-element elementor-element-655b36ec\" data-id=\"655b36ec\" data-element_type=\"column\">\n\t\t\t<div class=\"elementor-widget-wrap elementor-element-populated\">\n\t\t\t\t\t\t\t\t<div class=\"elementor-element elementor-element-725f4401 elementor-hidden-mobile elementor-widget elementor-widget-image\" data-id=\"725f4401\" data-element_type=\"widget\" data-widget_type=\"image.default\">\n\t\t\t\t<div class=\"elementor-widget-container\">\n\t\t\t\t\t\t\t\t\t\t\t\t\t\t\t<img loading=\"lazy\" decoding=\"async\" width=\"800\" height=\"259\" src=\"https:\/\/ponystar.pl\/wp-content\/uploads\/2023\/08\/baner-z-wiekszym-konikiem-1024x331.png\" class=\"attachment-large size-large wp-image-688\" alt=\"\" srcset=\"https:\/\/ponystar.pl\/wp-content\/uploads\/2023\/08\/baner-z-wiekszym-konikiem-1024x331.png 1024w, https:\/\/ponystar.pl\/wp-content\/uploads\/2023\/08\/baner-z-wiekszym-konikiem-300x97.png 300w, https:\/\/ponystar.pl\/wp-content\/uploads\/2023\/08\/baner-z-wiekszym-konikiem-768x248.png 768w, https:\/\/ponystar.pl\/wp-content\/uploads\/2023\/08\/baner-z-wiekszym-konikiem-1536x496.png 1536w, https:\/\/ponystar.pl\/wp-content\/uploads\/2023\/08\/baner-z-wiekszym-konikiem-600x194.png 600w, https:\/\/ponystar.pl\/wp-content\/uploads\/2023\/08\/baner-z-wiekszym-konikiem.png 1920w\" sizes=\"auto, (max-width: 800px) 100vw, 800px\" \/>\t\t\t\t\t\t\t\t\t\t\t\t\t\t\t<\/div>\n\t\t\t\t<\/div>\n\t\t\t\t\t<\/div>\n\t\t<\/div>\n\t\t\t\t\t\t\t<\/div>\n\t\t<\/section>\n\t\t\t\t<section class=\"elementor-section elementor-top-section elementor-element elementor-element-354bca2c elementor-section-boxed elementor-section-height-default elementor-section-height-default\" data-id=\"354bca2c\" data-element_type=\"section\">\n\t\t\t\t\t\t<div class=\"elementor-container elementor-column-gap-default\">\n\t\t\t\t\t<div class=\"elementor-column elementor-col-100 elementor-top-column elementor-element elementor-element-388806a\" data-id=\"388806a\" data-element_type=\"column\">\n\t\t\t<div class=\"elementor-widget-wrap elementor-element-populated\">\n\t\t\t\t\t\t\t\t<div class=\"elementor-element elementor-element-2075fa5f elementor-widget elementor-widget-text-editor\" data-id=\"2075fa5f\" data-element_type=\"widget\" data-widget_type=\"text-editor.default\">\n\t\t\t\t<div class=\"elementor-widget-container\">\n\t\t\t<style>\/*! elementor - v3.13.2 - 11-05-2023 *\/\n.elementor-widget-text-editor.elementor-drop-cap-view-stacked .elementor-drop-cap{background-color:#69727d;color:#fff}.elementor-widget-text-editor.elementor-drop-cap-view-framed .elementor-drop-cap{color:#69727d;border:3px solid;background-color:transparent}.elementor-widget-text-editor:not(.elementor-drop-cap-view-default) .elementor-drop-cap{margin-top:8px}.elementor-widget-text-editor:not(.elementor-drop-cap-view-default) .elementor-drop-cap-letter{width:1em;height:1em}.elementor-widget-text-editor .elementor-drop-cap{float:left;text-align:center;line-height:1;font-size:50px}.elementor-widget-text-editor .elementor-drop-cap-letter{display:inline-block}<\/style>\t\t\t\t<p><strong>Poznaj nasz\u0105 histori\u0119&#8230;<\/strong><\/p><p>Nasza historia zacz\u0119\u0142a si\u0119 od jednego marzenia \u2013 stworzenia plastikowych konik\u00f3w, kt\u00f3re przynios\u0105 u\u015bmiech na twarze dzieci i doros\u0142ych. Ka\u017cdy z nas ma w sobie dzieci\u0119c\u0105 rado\u015b\u0107 i fascynacj\u0119 tymi majestatycznymi zwierz\u0119tami, kt\u00f3re od wiek\u00f3w budz\u0105 podziw i inspiracj\u0119.<\/p>\t\t\t\t\t\t<\/div>\n\t\t\t\t<\/div>\n\t\t\t\t\t<\/div>\n\t\t<\/div>\n\t\t\t\t\t\t\t<\/div>\n\t\t<\/section>\n\t\t\t\t<section class=\"elementor-section elementor-top-section elementor-element elementor-element-ff21a39 elementor-section-boxed elementor-section-height-default elementor-section-height-default\" data-id=\"ff21a39\" data-element_type=\"section\">\n\t\t\t\t\t\t<div class=\"elementor-container elementor-column-gap-default\">\n\t\t\t\t\t<div class=\"elementor-column elementor-col-50 elementor-top-column elementor-element elementor-element-477778e\" data-id=\"477778e\" data-element_type=\"column\">\n\t\t\t<div class=\"elementor-widget-wrap elementor-element-populated\">\n\t\t\t\t\t\t\t\t<div class=\"elementor-element elementor-element-6029921 elementor-widget elementor-widget-text-editor\" data-id=\"6029921\" data-element_type=\"widget\" data-widget_type=\"text-editor.default\">\n\t\t\t\t<div class=\"elementor-widget-container\">\n\t\t\t\t\t\t\t<p>Nasze plastikowe koniki nie s\u0105 tylko figurkami \u2013 to ma\u0142e dzie\u0142a sztuki, stworzone z pasj\u0105 i dba\u0142o\u015bci\u0105 o najmniejsze detale. Ka\u017cdy konik ma swoj\u0105 unikaln\u0105 osobowo\u015b\u0107 i wyrazist\u0105 kolorystyk\u0119, kt\u00f3re czyni\u0105 go wyj\u0105tkowym.<\/p><p>Dla nas najwa\u017cniejsze jest zadowolenie i u\u015bmiech na twarzach naszych klient\u00f3w. Dlatego pracujemy z zaanga\u017cowaniem, aby dostarcza\u0107 produkty najwy\u017cszej jako\u015bci, kt\u00f3re przetrwaj\u0105 d\u0142ugie lata.<\/p><p>Nasz zesp\u00f3\u0142 sk\u0142ada si\u0119 z ludzi kreatywnych, mi\u0142o\u015bnik\u00f3w koni i do\u015bwiadczonych rzemie\u015blnik\u00f3w, kt\u00f3rzy wk\u0142adaj\u0105 serce w ka\u017cdy produkt.<\/p>\t\t\t\t\t\t<\/div>\n\t\t\t\t<\/div>\n\t\t\t\t\t<\/div>\n\t\t<\/div>\n\t\t\t\t<div class=\"elementor-column elementor-col-50 elementor-top-column elementor-element elementor-element-428fc9a\" data-id=\"428fc9a\" data-element_type=\"column\">\n\t\t\t<div class=\"elementor-widget-wrap elementor-element-populated\">\n\t\t\t\t\t\t\t\t<div class=\"elementor-element elementor-element-e6fd3ab elementor-widget elementor-widget-text-editor\" data-id=\"e6fd3ab\" data-element_type=\"widget\" data-widget_type=\"text-editor.default\">\n\t\t\t\t<div class=\"elementor-widget-container\">\n\t\t\t\t\t\t\t<p>Wszystko po to, aby nasze plastikowe koniki stworzy\u0142y magiczn\u0105 atmosfer\u0119, rozwijaj\u0105c wyobra\u017ani\u0119 i fascynacj\u0119 \u015bwiatem koni.<\/p><p>Cieszymy si\u0119, \u017ce mo\u017cemy podzieli\u0107 si\u0119 nasz\u0105 pasj\u0105 i tworzy\u0107 produkty, kt\u00f3re przynosz\u0105 rado\u015b\u0107 i przybli\u017caj\u0105 nas do tych wspania\u0142ych stworze\u0144. Dla nas to nie tylko plastikowe koniki, to prawdziwe konie na wybiegu wyobra\u017ani! Zapraszamy do odkrycia naszej kolekcji, do\u0142\u0105czenia do naszej spo\u0142eczno\u015bci i podzielenia si\u0119 pasj\u0105 do koni. Jeste\u015bmy dumni, \u017ce mo\u017cemy by\u0107 cz\u0119\u015bci\u0105 Twojej przygody.<\/p>\t\t\t\t\t\t<\/div>\n\t\t\t\t<\/div>\n\t\t\t\t\t<\/div>\n\t\t<\/div>\n\t\t\t\t\t\t\t<\/div>\n\t\t<\/section>\n\t\t\t\t<section class=\"elementor-section elementor-top-section elementor-element elementor-element-56bca820 elementor-section-boxed elementor-section-height-default elementor-section-height-default\" data-id=\"56bca820\" data-element_type=\"section\">\n\t\t\t\t\t\t<div class=\"elementor-container elementor-column-gap-default\">\n\t\t\t\t\t<div class=\"elementor-column elementor-col-100 elementor-top-column elementor-element elementor-element-5941bb8c\" data-id=\"5941bb8c\" data-element_type=\"column\">\n\t\t\t<div class=\"elementor-widget-wrap elementor-element-populated\">\n\t\t\t\t\t\t\t\t<div class=\"elementor-element elementor-element-16a7bdc7 elementor-widget elementor-widget-image\" data-id=\"16a7bdc7\" data-element_type=\"widget\" data-widget_type=\"image.default\">\n\t\t\t\t<div class=\"elementor-widget-container\">\n\t\t\t\t\t\t\t\t\t\t\t\t\t\t\t<img loading=\"lazy\" decoding=\"async\" width=\"3000\" height=\"500\" src=\"https:\/\/ponystar.pl\/wp-content\/uploads\/2023\/08\/kolory-bez-tekstu.png\" class=\"attachment-full size-full wp-image-1021\" alt=\"\" srcset=\"https:\/\/ponystar.pl\/wp-content\/uploads\/2023\/08\/kolory-bez-tekstu.png 3000w, https:\/\/ponystar.pl\/wp-content\/uploads\/2023\/08\/kolory-bez-tekstu-300x50.png 300w, https:\/\/ponystar.pl\/wp-content\/uploads\/2023\/08\/kolory-bez-tekstu-1024x171.png 1024w, https:\/\/ponystar.pl\/wp-content\/uploads\/2023\/08\/kolory-bez-tekstu-768x128.png 768w, https:\/\/ponystar.pl\/wp-content\/uploads\/2023\/08\/kolory-bez-tekstu-1536x256.png 1536w, https:\/\/ponystar.pl\/wp-content\/uploads\/2023\/08\/kolory-bez-tekstu-2048x341.png 2048w, https:\/\/ponystar.pl\/wp-content\/uploads\/2023\/08\/kolory-bez-tekstu-600x100.png 600w\" sizes=\"auto, (max-width: 3000px) 100vw, 3000px\" \/>\t\t\t\t\t\t\t\t\t\t\t\t\t\t\t<\/div>\n\t\t\t\t<\/div>\n\t\t\t\t\t<\/div>\n\t\t<\/div>\n\t\t\t\t\t\t\t<\/div>\n\t\t<\/section>\n\t\t\t\t\t\t\t<\/div>\n\t\t","protected":false},"excerpt":{"rendered":"<p>Poznaj nasz\u0105 histori\u0119&#8230; Nasza historia zacz\u0119\u0142a si\u0119 od jednego marzenia \u2013 stworzenia plastikowych konik\u00f3w, kt\u00f3re przynios\u0105 u\u015bmiech na twarze dzieci i doros\u0142ych. Ka\u017cdy z nas ma w sobie dzieci\u0119c\u0105 rado\u015b\u0107 i fascynacj\u0119 tymi majestatycznymi zwierz\u0119tami, kt\u00f3re od wiek\u00f3w budz\u0105 podziw i inspiracj\u0119. Nasze plastikowe koniki nie s\u0105 tylko figurkami \u2013 to ma\u0142e dzie\u0142a sztuki, stworzone [&hellip;]<\/p>\n","protected":false},"author":1,"featured_media":0,"parent":0,"menu_order":0,"comment_status":"closed","ping_status":"closed","template":"","meta":{"footnotes":""},"class_list":["post-683","page","type-page","status-publish","hentry"],"_links":{"self":[{"href":"https:\/\/ponystar.pl\/index.php\/wp-json\/wp\/v2\/pages\/683","targetHints":{"allow":["GET"]}}],"collection":[{"href":"https:\/\/ponystar.pl\/index.php\/wp-json\/wp\/v2\/pages"}],"about":[{"href":"https:\/\/ponystar.pl\/index.php\/wp-json\/wp\/v2\/types\/page"}],"author":[{"embeddable":true,"href":"https:\/\/ponystar.pl\/index.php\/wp-json\/wp\/v2\/users\/1"}],"replies":[{"embeddable":true,"href":"https:\/\/ponystar.pl\/index.php\/wp-json\/wp\/v2\/comments?post=683"}],"version-history":[{"count":50,"href":"https:\/\/ponystar.pl\/index.php\/wp-json\/wp\/v2\/pages\/683\/revisions"}],"predecessor-version":[{"id":1546,"href":"https:\/\/ponystar.pl\/index.php\/wp-json\/wp\/v2\/pages\/683\/revisions\/1546"}],"wp:attachment":[{"href":"https:\/\/ponystar.pl\/index.php\/wp-json\/wp\/v2\/media?parent=683"}],"curies":[{"name":"wp","href":"https:\/\/api.w.org\/{rel}","templated":true}]}}